 -104?
-105
In base 5, what is 232 - -234?
1021
In base 3, what is 1 + -11?
-10
In base 9, what is -1585 + -4?
-1600
In base 6, what is -2 - 24142?
-24144
In base 16, what is e + 3?
11
In base 4, what is 1 + -220?
-213
In base 8, what is -62 + -22?
-104
In base 6, what is -115 + -2?
-121
In base 15, what is 24 - 2?
22
In base 4, what is 1 - -213?
220
In base 6, what is 432 - 52?
340
In base 5, what is 222142 - -3?
222200
In base 4, what is -10 + -112213?
-112223
In base 9, what is 5 - -3323?
3328
In base 16, what is -2 - 15?
-17
In base 10, what is -8 + -34?
-42
In base 7, what is 126 + -4?
122
In base 3, what is -222222 - 10?
-1000002
In base 7, what is -6 - 152?
-161
In base 6, what is -12 + -12240?
-12252
In base 4, what is 311 + 233?
1210
In base 15, what is 37 + -134?
-ec
In base 8, what is 2 - 523?
-521
In base 11, what is 247 + -35?
212
In base 4, what is -32320 - 1?
-32321
In base 9, what is -130 - -11?
-118
In base 7, what is -15 - -1644?
1626
In base 9, what is 3 - 25?
-22
In base 4, what is 11032 + 11?
11103
In base 15, what is 5 - 1540?
-153a
In base 15, what is 3d - a?
33
In base 15, what is -1 + -1c?
-1d
In base 7, what is 5 + 3411?
3416
In base 6, what is -2022 - 3?
-2025
In base 14, what is -5 - -9?
4
In base 6, what is 22 + 2220?
2242
In base 4, what is 13 - 31020?
-31001
In base 13, what is 2a - -1?
2b
In base 7, what is -12 + -43?
-55
In base 13, what is -8440 + -4?
-8444
In base 16, what is 9 - -1?
a
In base 5, what is 3 - -312?
320
In base 11, what is 3 + -196?
-193
In base 7, what is -43 - 1050?
-1123
In base 2, what is 10011 - -1111?
100010
In base 7, what is -41403 + -2?
-41405
In base 5, what is 11 - -212?
223
In base 9, what is -27 - -2?
-25
In base 12, what is 8 - 0?
8
In base 12, what is 76 + 4?
7a
In base 16, what is 2f - 6c?
-3d
In base 4, what is 22 + -203?
-121
In base 6, what is -2 + -2054?
-2100
In base 13, what is 2b2 + -4?
2ab
In base 10, what is -14026 - 3?
-14029
In base 16, what is -4 - 27?
-2b
In base 12, what is -64 - -2?
-62
In base 5, what is 2012 - -1?
2013
In base 7, what is -14 + -31?
-45
In base 3, what is -1 + -1222?
-2000
In base 9, what is 0 + 7421?
7421
In base 5, what is -4124 - -4?
-4120
In base 8, what is 56730 - -3?
56733
In base 12, what is 5 + 54?
59
In base 3, what is -10 + 11022?
11012
In base 15, what is -3 + 3c1?
3bd
In base 7, what is -12 - -11?
-1
In base 13, what is 3 - 2a?
-27
In base 11, what is 5139 - -5?
5143
In base 13, what is -1 + 1a6b?
1a6a
In base 14, what is -86d + 3?
-86a
In base 8, what is -26 - 553?
-601
In base 10, what is -975 + 0?
-975
In base 3, what is 2011000 - 22?
2010201
In base 16, what is -105 - -4?
-101
In base 11, what is -7 + 8?
1
In base 2, what is -110010111 - -10?
-110010101
In base 11, what is -963 + 4?
-95a
In base 10, what is -22 + 10?
-12
In base 7, what is -4 - 1602?
-1606
In base 11, what is -172 + -4?
-176
In base 7, what is 1466 - -3?
1502
In base 16, what is 3 - -17?
1a
In base 7, what is -536 + -5?
-544
In base 11, what is 8 + -27?
-1a
In base 4, what is -3 - 2203?
-2212
In base 6, what is -1042 - -4?
-1034
In base 14, what is 247 - -7?
250
In base 8, what is 134302 - 5?
134275
In base 6, what is 5 + 204?
213
In base 16, what is -11 - 8c?
-9d
In base 11, what is 988 - -2?
98a
In base 5, what is 12 - 3134?
-3122
In base 16, what is 4 + -a6?
-a2
In base 9, what is -4 - 1?
-5
In base 9, what is 371 - -5?
376
In base 6, what is -24 - -23?
-1
In base 14, what is -2 + 101?
dd
In base 10, what is -3 + -1033?
-1036
In base 16, what is 7a + -6?
74
In base 3, what is 2112 - 1110?
1002
In base 5, what is 1 - 30133?
-30132
In base 3, what is 2001 - 1210?
21
In base 8, what is 5 - 120?
-113
In base 2, what is -1011 + -11?
-1110
In base 15, what is -997 + 4?
-993
In base 3, what is -2 - -1112?
1110
In base 13, what is 5 + 159?
161
In base 4, what is 122 - -121?
303
In base 13, what is -84 - -4?
-80
In base 2, what is 11 - 1001111?
-1001100
In base 8, what is 5 + 2132?
2137
In base 8, what is -41030 - -1?
-41027
In base 6, what is 4 + -4?
0
In base 14, what is 3 + 3ca?
3cd
In base 9, what is 326 - 0?
326
In base 5, what is 34 + 1021?
1110
In base 11, what is -665 + -4?
-669
In base 12, what is 5 - -a56?
a5b
In base 10, what is -5 - -6117?
6112
In base 9, what is -6 - 486?
-503
In base 15, what is 8 + -c?
-4
In base 3, what is -11 - 20122000?
-20122011
In base 16, what is -13 + 4?
-f
In base 5, what is 33 + 1?
34
In base 5, what is 102 - -3140?
3242
In base 4, what is 230 + -111?
113
In base 7, what is 1 + -15004?
-15003
In base 7, what is 23 - 0?
23
In base 5, what is 10 - 3322?
-3312
In base 15, what is 48 - -7?
50
In base 6, what is 521534 - -4?
521542
In base 14, what is -1327 + -2?
-1329
In base 3, what is -10 + 1200?
1120
In base 11, what is 1 + -54?
-53
In base 9, what is -78 - -1?
-77
In base 8, what is -114 - 13?
-127
In base 8, what is -1 + -23?
-24
In base 10, what is -4 - -801?
797
In base 9, what is 171 - 74?
86
In base 7, what is 4621 + 6?
4630
In base 11, what is -3a98 - -5?
-3a93
In base 5, what is 1320 + -1?
1314
In base 5, what is -44 + 12?
-32
In base 8, what is 2 - -250?
252
In base 8, what is 43 - -640?
703
In base 10, what is -98 + 2?
-96
In base 12, what is -18 - 9?
-25
In base 5, what is 13 - -104?
122
In base 16, what is -9f + 12?
-8d
In base 14, what is -7 + -16?
-1d
In base 8, what is 210 - -27?
237
In base 14, what is 3 + 320?
323
In base 11, what is a6a - 6?
a64
In base 4, what is -302 - -101?
-201
In base 9, what is -2422 - -1?
-2421
In base 14, what is c - 210?
-202
In base 3, what is 11102 - -102?
11211
In base 8, what is 5 - 1741?
-1734
In base 13, what is 3 + -3?
0
In base 13, what is -5a + -5?
-62
In base 4, what is 3 + -2213?
-2210
In base 2, what is -1110 + -110110?
-1000100
In base 16, what is 51bc + 0?
51bc
In base 4, what is 1110223 + -3?
1110220
In base 7, what is 3 + -31?
-25
In base 10, what is 5 - -292?
297
In base 14, what is -3 + 1115?
1112
In base 9, what is 1 + -14?
-13
In base 13, what is 1b + -1?
1a
In base 10, what is -204 + 20?
-184
In base 13, what is b - a?
1
In base 3, what is -10122 + 1002?
-2120
In base 2, what is -11011 - 100?
-11111
In base 9, what is -1 + 834?
833
In base 10, what is -11882 + -5?
-11887
In base 8, what is -14 - 14?
-30
In base 13, what is -4 + 11?
a
In base 2, what is 11100000 - 1001110?
10010010
In base 5, what is -342 - 234?
-1131
In base 11, what is -3 + 6a76?
6a73
In base 16, what is -5 + -12e?
-133
In base 14, what is 1 + 33?
34
In base 5, what is -2 + -14114?
-14121
In base 5, what is 421 - -131?
1102
In base 8, what is 7 - 61?
-52
In base 13, what is 31 + -12?
1c
In base 2, what is 10 - -111101101?
111101111
In base 16, what is -b1 + 6?
-ab
In base 4, what is 2 - -1032013?
1032021
In base 16, what is 59 - 2?
57
In base 11, what is -7a51 + -3?
-7a54
In base 3, what is 2 + 1100212?
1100221
In base 13, what is 4 + 8b?
92
In base 11, what is -2234 + 4?
-2230
In base 7, what is -146 - -1?
-145
In base 5, what is -11 - -1?
-10
In base 7, what is 31 - -2?
33
In base 11, what is -5 - 447?
-451
In base 13, what is 2 - 104?
-102
In base 3, what is -1100 + 0?
-1100
In base 10, what is -34 + 8?
-26
In base 15, what is 0 - 85?
-85
In base 13, what is -4 - a?
-11
In base 10, what is -1276 + -4?
-1280
In base 4, what is 101 - 11?
30
In base 2, what is -1011001111011 - 1?
-1011001111100
In base 8, what is 326 + -4?
322
In base 3, what is -1001 - -21?
-210
In base 10, what is -27 - -125?
98
In base 13, what is 2 + 20?
22
In base 11, what is -5 - -1266?
1261
In base 9, what is -76 + 0?
-76
In base 13, what is -10 + 34?
24
In base 4, what is -1011233 - 1?
-1011300
In base 3, what is 210222 + 111?
211110
In base 7, what is -132 - -21?
-111
In base 16, what is e + -48b?
-47d
In base 7, what is 136 + 530?
666
In base 2, what is 0 + 11010?
11010
In base 7, what is 1 + 351?
352
In base 13, what is -176 - 0?
-176
In base 9, what is 3 - 333?
-330
In base 12, what is -9 - 20?
-29
In base 8, what is -2 + 1030?
1026
In base 15, what is -1 - -d1?
d0
In base 7, what is 5 + -1046?
-1041
In base 7, what is 3361 - 2?
3356
In base 4, what is 230 + 2223?
3113
In base 14, what is -3 + 884?
881
In base 12, what is -4 - -221?
219
In base 16, what is -7c - -c?
-70
In base 4, what is 2 - 2030?
-2022
In base 9, 